{"id":13,"date":"2020-09-16T01:37:57","date_gmt":"2020-09-16T01:37:57","guid":{"rendered":"https:\/\/aspaaug2015.com\/cifab2025\/?page_id=13"},"modified":"2026-03-05T17:57:01","modified_gmt":"2026-03-05T17:57:01","slug":"acerca-de","status":"publish","type":"page","link":"https:\/\/aspaaug2015.com\/cifab2025\/","title":{"rendered":"Bienvenidos"},"content":{"rendered":"\n<div class=\"wp-block-image\"><figure class=\"aligncenter size-large\"><img loading=\"lazy\" width=\"1024\" height=\"388\" src=\"https:\/\/aspaaug2015.com\/cifab2025\/wp-content\/uploads\/2026\/03\/Escudos-1024x388.png\" alt=\"\" class=\"wp-image-1170\" srcset=\"https:\/\/aspaaug2015.com\/cifab2025\/wp-content\/uploads\/2026\/03\/Escudos-1024x388.png 1024w, https:\/\/aspaaug2015.com\/cifab2025\/wp-content\/uploads\/2026\/03\/Escudos-300x114.png 300w, https:\/\/aspaaug2015.com\/cifab2025\/wp-content\/uploads\/2026\/03\/Escudos-768x291.png 768w, https:\/\/aspaaug2015.com\/cifab2025\/wp-content\/uploads\/2026\/03\/Escudos.png 1071w\" sizes=\"(max-width: 1024px) 100vw, 1024px\" \/><\/figure><\/div>\n\n\n\n<p class=\"has-text-align-center has-text-color has-custom-font\" style=\"color:#2ba1cd;font-family:Montserrat\"><mark style=\"background-color:rgba(0, 0, 0, 0);color:#000000\" class=\"has-inline-color\">&#8212;&#8212;&#8212;    \/ \/    &#8212;&#8212;&#8212;<\/mark><\/p>\n\n\n\n<div class=\"wp-block-cover is-light coblocks-animate\" style=\"min-height:104px\" data-coblocks-animation=\"fadeIn\"><span aria-hidden=\"true\" class=\"has-background-dim-0 wp-block-cover__gradient-background has-background-dim\"><\/span><img loading=\"lazy\" width=\"625\" height=\"105\" class=\"wp-block-cover__image-background wp-image-608\" alt=\"\" src=\"https:\/\/aspaaug2015.com\/cifab2025\/wp-content\/uploads\/2021\/09\/encabezado01.png\" data-object-fit=\"cover\" srcset=\"https:\/\/aspaaug2015.com\/cifab2025\/wp-content\/uploads\/2021\/09\/encabezado01.png 625w, https:\/\/aspaaug2015.com\/cifab2025\/wp-content\/uploads\/2021\/09\/encabezado01-300x50.png 300w\" sizes=\"(max-width: 625px) 100vw, 625px\" \/><div class=\"wp-block-cover__inner-container\">\n<p class=\"has-text-align-center has-custom-font has-custom-weight has-custom-transform has-custom-letterspacing mb-0 pb-0 mt-0 pt-0\" style=\"font-size:26px;font-family:Montserrat;letter-spacing:3px;font-weight:700;text-transform:uppercase\"> 6\u00ba Congreso de Ingenier\u00edA y f\u00edsica aplicada a la biomedicINa<\/p>\n<\/div><\/div>\n\n\n\n<p><mark style=\"background-color:rgba(0, 0, 0, 0);color:#000000\" class=\"has-inline-color\">El Congreso de Ingenier\u00eda y F\u00edsica Aplicada a la Biom\u00e9dica\u00a0se llevar\u00e1 a cabo del 11 al 13 de mayo de 2026. El evento ser\u00e1 h\u00edbrido, con sesiones plenarias, ordinarias y de osters. Tendr\u00e1 como sede la Divisi\u00f3n de Ciencias e Ingenier\u00edas de la Universidad de Guanajuato campus Le\u00f3n, Loma del Bosque 103, Lomas del Campestre CP 37150,<\/mark><mark style=\"background-color:rgba(0, 0, 0, 0);color:#000000\" class=\"has-inline-color\"> Le\u00f3n, GTO, M\u00e9xico. <\/mark><\/p>\n\n\n\n<p><mark style=\"background-color:rgba(0, 0, 0, 0);color:#000000\" class=\"has-inline-color\">En sus ediciones anteriores, este evento ha congregado a investigadoras e investigadores y estudiantes en las \u00e1reas de la Ingenier\u00eda y la F\u00edsica Aplicadas a la Biomedicina, quienes han presentado avances que abarcan desde el desarrollo te\u00f3rico hasta el dise\u00f1o de dispositivos y sus aplicaciones. El CIFAB 2026 busca consolidarse como un espacio de intercambio acad\u00e9mico riguroso que promueva la discusi\u00f3n cient\u00edfica y la colaboraci\u00f3n interdisciplinaria.<\/mark><\/p>\n\n\n\n<p><strong><mark style=\"background-color:rgba(0, 0, 0, 0);color:#000000\" class=\"has-inline-color\">Las \u00e1reas tem\u00e1ticas del evento son:<\/mark><\/strong><\/p>\n\n\n\n<ul><li><mark style=\"background-color:rgba(0, 0, 0, 0);color:#000000\" class=\"has-inline-color\"><strong>Materiales<\/strong><\/mark><\/li><li><mark style=\"background-color:rgba(0, 0, 0, 0);color:#000000\" class=\"has-inline-color\"><strong>Radiaci\u00f3n y Dosimetr\u00eda<\/strong><\/mark><\/li><li><mark style=\"background-color:rgba(0, 0, 0, 0);color:#000000\" class=\"has-inline-color\"><strong>Instrumentaci\u00f3n<\/strong><\/mark><br>\u00a0<\/li><\/ul>\n\n\n\n<p><mark style=\"background-color:rgba(0, 0, 0, 0);color:#000000\" class=\"has-inline-color\">Los trabajos presentados podr\u00e1n ser considerados para su publicaci\u00f3n en una edici\u00f3n especial de la <strong>Revista Mexicana de F\u00edsica<\/strong>.<\/mark><\/p>\n\n\n\n<p><mark style=\"background-color:rgba(0, 0, 0, 0);color:#000000\" class=\"has-inline-color\">La Divisi\u00f3n de Ciencias e Ingenier\u00eda de la Universidad de Guanajuato campus Le\u00f3n comienza como el Instituto de F\u00edsica en 1986 con apoyo de la Universidad Nacional Aut\u00f3noma de M\u00e9xico con el objetivo de desarrollar actividades de investigaci\u00f3n y establecer programas de posgrado en diversas disciplinas de la F\u00edsica.<\/mark><\/p>\n\n\n\n<p><mark style=\"background-color:rgba(0, 0, 0, 0);color:#000000\" class=\"has-inline-color\">La ciudad de Le\u00f3n est\u00e1 ubicada en el estado de Guanajuato. Forma parte de la s\u00e9ptima zona metropolitana m\u00e1s poblada del pa\u00eds y el municipio es el tercero m\u00e1s poblado de M\u00e9xico. Se localiza a 384 km de la Ciudad de M\u00e9xico, capital del pa\u00eds.<\/mark><\/p>\n\n\n\n<p><mark style=\"background-color:rgba(0, 0, 0, 0);color:#000000\" class=\"has-inline-color\">Desde la d\u00e9cada de los a\u00f1os 40, la econom\u00eda de la ciudad ha girado b\u00e1sicamente alrededor de la cadena productiva del cuero, calzado, proveedur\u00eda y marroquiner\u00eda, aunque para inicios del siglo XXI comenz\u00f3 a reorientar su econom\u00eda a los servicios y la industria automotriz.\u00a0Para el 2024, se proyecta que M\u00e9xico ensamblar\u00e1 4.3 millones de autos, de los cuales el 23 por ciento se produce en Guanajuato,\u00a0coloc\u00e1ndolo as\u00ed en la entidad federativa que m\u00e1s autos ensambla en todo el pa\u00eds.<\/mark><\/p>\n\n\n\n<p><mark style=\"background-color:rgba(0, 0, 0, 0);color:#000000\" class=\"has-inline-color\">La ciudad est\u00e1 situada al norte del estado de Guanajuato, en el centro geogr\u00e1fico del pa\u00eds.<\/mark><\/p>\n\n\n\n<p><\/p>\n\n\n\n<p><\/p>\n\n\n\n<p class=\"has-custom-font\" style=\"font-family:Montserrat;font-size:20px\"><\/p>\n\n\n\n<p class=\"has-text-align-center has-text-color has-custom-font\" style=\"color:#2ba1cd;font-family:Montserrat\"><mark style=\"background-color:rgba(0, 0, 0, 0);color:#000000\" class=\"has-inline-color\">&#8212;&#8212;&#8212;    \/ \/    &#8212;&#8212;&#8212;<\/mark><\/p>\n\n\n\n<div class=\"wp-container-1 wp-block-buttons\"><\/div>\n\n\n\n<ul class=\"wp-container-2 wp-block-social-links aligncenter has-huge-icon-size items-justified-center is-style-default\"><li class=\"wp-social-link wp-social-link-facebook wp-block-social-link\"><a href=\"https:\/\/www.facebook.com\/profile.php?id=61555961686121&#038;sk=about\" aria-label=\"Facebook: https:\/\/www.facebook.com\/profile.php?id=61555961686121&amp;sk=about\"  class=\"wp-block-social-link-anchor\"> <svg width=\"24\" height=\"24\" viewBox=\"0 0 24 24\" version=\"1.1\" xmlns=\"http:\/\/www.w3.org\/2000\/svg\" role=\"img\" aria-hidden=\"true\" focusable=\"false\"><path d=\"M12 2C6.5 2 2 6.5 2 12c0 5 3.7 9.1 8.4 9.9v-7H7.9V12h2.5V9.8c0-2.5 1.5-3.9 3.8-3.9 1.1 0 2.2.2 2.2.2v2.5h-1.3c-1.2 0-1.6.8-1.6 1.6V12h2.8l-.4 2.9h-2.3v7C18.3 21.1 22 17 22 12c0-5.5-4.5-10-10-10z\"><\/path><\/svg><\/a><\/li>\n\n<li class=\"wp-social-link wp-social-link-mail wp-block-social-link\"><a href=\"mailto:MagnoBio2024@gmail.com\" aria-label=\"Mail: mailto:MagnoBio2024@gmail.com\"  class=\"wp-block-social-link-anchor\"> <svg width=\"24\" height=\"24\" viewBox=\"0 0 24 24\" version=\"1.1\" xmlns=\"http:\/\/www.w3.org\/2000\/svg\" role=\"img\" aria-hidden=\"true\" focusable=\"false\"><path d=\"M20,4H4C2.895,4,2,4.895,2,6v12c0,1.105,0.895,2,2,2h16c1.105,0,2-0.895,2-2V6C22,4.895,21.105,4,20,4z M20,8.236l-8,4.882 L4,8.236V6h16V8.236z\"><\/path><\/svg><\/a><\/li><\/ul>\n\n\n\n<p><\/p>\n","protected":false},"excerpt":{"rendered":"<p>&#8212;&#8212;&#8212; \/ \/ &#8212;&#8212;&#8212; El Congreso de Ingenier\u00eda y F\u00edsica Aplicada a la Biom\u00e9dica\u00a0se llevar\u00e1 a cabo del 11 al 13 de mayo de 2026. El evento ser\u00e1 h\u00edbrido, con sesiones plenarias, ordinarias y de osters. Tendr\u00e1 como sede la Divisi\u00f3n de Ciencias e Ingenier\u00edas de la Universidad de Guanajuato campus Le\u00f3n, Loma del Bosque [&hellip;]<\/p>\n","protected":false},"author":1,"featured_media":0,"parent":0,"menu_order":0,"comment_status":"closed","ping_status":"closed","template":"","meta":{"_coblocks_attr":"ArialArial, Condensed,Heebo,Arial,Helvetica,Times New Roman,Georgia,Anton,Arvo,Asap,Barlow Condensed,Barlow,Cormorant Garamond,Abril Fatface,IBM Plex Sans,Inconsolata,Karla,Lato,Lora,Merriweather,Noto Sans,Noto Serif,Open Sans,Oswald,Playfair Display,PT Serif,Roboto,Tajawal,Ubuntu,Yrsa,Faustina,Fira Sans,Rubik,Montserrat","_coblocks_dimensions":"","_coblocks_responsive_height":"","_coblocks_accordion_ie_support":""},"_links":{"self":[{"href":"https:\/\/aspaaug2015.com\/cifab2025\/wp-json\/wp\/v2\/pages\/13"}],"collection":[{"href":"https:\/\/aspaaug2015.com\/cifab2025\/wp-json\/wp\/v2\/pages"}],"about":[{"href":"https:\/\/aspaaug2015.com\/cifab2025\/wp-json\/wp\/v2\/types\/page"}],"author":[{"embeddable":true,"href":"https:\/\/aspaaug2015.com\/cifab2025\/wp-json\/wp\/v2\/users\/1"}],"replies":[{"embeddable":true,"href":"https:\/\/aspaaug2015.com\/cifab2025\/wp-json\/wp\/v2\/comments?post=13"}],"version-history":[{"count":210,"href":"https:\/\/aspaaug2015.com\/cifab2025\/wp-json\/wp\/v2\/pages\/13\/revisions"}],"predecessor-version":[{"id":1171,"href":"https:\/\/aspaaug2015.com\/cifab2025\/wp-json\/wp\/v2\/pages\/13\/revisions\/1171"}],"wp:attachment":[{"href":"https:\/\/aspaaug2015.com\/cifab2025\/wp-json\/wp\/v2\/media?parent=13"}],"curies":[{"name":"wp","href":"https:\/\/api.w.org\/{rel}","templated":true}]}}