{"id":329,"date":"2020-11-12T21:34:37","date_gmt":"2020-11-12T21:34:37","guid":{"rendered":"https:\/\/aspaaug2015.com\/MuSiUni\/?page_id=329"},"modified":"2026-02-17T20:10:29","modified_gmt":"2026-02-17T20:10:29","slug":"convocatoria","status":"publish","type":"page","link":"https:\/\/aspaaug2015.com\/MuSiUni\/convocatoria\/","title":{"rendered":"Convocatoria"},"content":{"rendered":"\n<p class=\"has-text-color has-link-color has-montserrat-font-family has-custom-font wp-elements-0dd0beceddcfd87500d8ec31cfd9cb18\" id=\"convoca\" style=\"color:#000000;font-family:Montserrat;font-size:18px\">La Asociaci\u00f3n Sindical de Personal Acad\u00e9mico y Administrativo de la Universidad de Guanajuato (<strong>ASPAAUG<\/strong>) y el Sindicato de Trabajadores de la Universidad Aut\u00f3noma de Nuevo Le\u00f3n (<strong>STUANL<\/strong>), organismos que promueven la reivindicaci\u00f3n de los derechos de la mujer y las pol\u00edticas de igualdad de g\u00e9nero; en colaboraci\u00f3n con la Confederaci\u00f3n Nacional de Trabajadores Universitarios (<strong>CONTU<\/strong>) y a la Confederaci\u00f3n de Trabajadoras y Trabajadores Universitarios de las Am\u00e9ricas (<strong>CONTUA<\/strong>)<\/p>\n\n\n\n<div class=\"wp-block-cover has-small-font-size mb-0 mt-0\" style=\"min-height:50px;aspect-ratio:unset;\"><span aria-hidden=\"true\" class=\"wp-block-cover__background has-background-dim-100 has-background-dim\" style=\"background-color:#6c3d7d\"><\/span><div class=\"wp-block-cover__inner-container is-layout-constrained wp-block-cover-is-layout-constrained\">\n<p class=\"has-text-align-center has-montserrat-font-family has-custom-font has-custom-letterspacing\" style=\"font-family:Montserrat;letter-spacing:3px;font-size:30px\">Convocan<\/p>\n<\/div><\/div>\n\n\n\n<p class=\"has-text-color has-link-color has-montserrat-font-family has-custom-font wp-elements-1616b4cbd6efa825beb97e3b3b81e7ce\" id=\"convoca\" style=\"color:#000000;font-family:Montserrat;font-size:18px\">a las y los trabajadores de las universidades afiliadas a, a participar en los trabajos del<\/p>\n\n\n\n<div class=\"wp-block-cover has-small-font-size mb-0 mt-0\" style=\"min-height:50px;aspect-ratio:unset;\"><span aria-hidden=\"true\" class=\"wp-block-cover__background has-background-dim-100 has-background-dim\" style=\"background-color:#6c3d7d\"><\/span><div class=\"wp-block-cover__inner-container is-layout-constrained wp-block-cover-is-layout-constrained\">\n<h3 class=\"wp-block-heading has-montserrat-font-family has-custom-font has-custom-lineheight has-custom-letterspacing mb-0 pb-0 mt-0 pt-0\" style=\"font-family:Montserrat;line-height:1;letter-spacing:1px\">Primer Congreso Internacional <strong><mark style=\"background-color:rgba(0, 0, 0, 0)\" class=\"has-inline-color has-accent-color\">de<\/mark><\/strong><br>Mujeres Sindicalistas Universitarias,<\/h3>\n<\/div><\/div>\n\n\n\n<p class=\"has-text-color has-link-color has-montserrat-font-family has-custom-font wp-elements-aa5e51d3a7f5cf675ca33e6c04ee2d04\" id=\"convoca\" style=\"color:#000000;font-family:Montserrat;font-size:18px\">Que se llevar\u00e1 a cabo los d\u00edas <strong><mark style=\"background-color:rgba(0, 0, 0, 0)\" class=\"has-inline-color has-subtle-background-color\">25<\/mark><\/strong>, <mark style=\"background-color:rgba(0, 0, 0, 0)\" class=\"has-inline-color has-subtle-background-color\"><strong>26<\/strong><\/mark> y <strong><mark style=\"background-color:rgba(0, 0, 0, 0)\" class=\"has-inline-color has-subtle-background-color\">27<\/mark><\/strong><mark style=\"background-color:rgba(0, 0, 0, 0)\" class=\"has-inline-color has-subtle-background-color\"> <strong>de marzo de<\/strong><\/mark> <strong><mark style=\"background-color:rgba(0, 0, 0, 0)\" class=\"has-inline-color has-subtle-background-color\">2026<\/mark><\/strong>, en la Universidad de Guanajuato, M\u00e9xico, con la expectativa de cumplir los siguientes prop\u00f3sitos:<\/p>\n\n\n\n<p class=\"has-text-color has-link-color has-montserrat-font-family has-custom-font wp-elements-8d41b26d19b761a0f9698127ba5aba77\" id=\"convoca\" style=\"color:#000000;font-family:Montserrat;font-size:18px\"><mark style=\"background-color:rgba(0, 0, 0, 0)\" class=\"has-inline-color has-subtle-background-color\"><strong>I. <\/strong><\/mark>Fortalecer la participaci\u00f3n de las mujeres universitarias en los \u00e1mbitos laboral, sindical y la funci\u00f3n p\u00fablica en general, desde la reflexi\u00f3n hist\u00f3rica con prospectiva.<\/p>\n\n\n\n<p class=\"has-text-color has-link-color has-montserrat-font-family has-custom-font wp-elements-d659f37acbd927228bc0c5bbc7647057\" id=\"convoca\" style=\"color:#000000;font-family:Montserrat;font-size:18px\"><mark style=\"background-color:rgba(0, 0, 0, 0)\" class=\"has-inline-color has-subtle-background-color\"><strong>II.<\/strong> <\/mark>Ser un espacio para el intercambio de ideas entre trabajadoras y trabajadores universitarios, as\u00ed como especialistas que pongan en contexto la lucha de las mujeres por la igualdad de derechos, como condici\u00f3n necesaria para su avance y consolidaci\u00f3n.<\/p>\n\n\n\n<p class=\"has-text-color has-link-color has-montserrat-font-family has-custom-font wp-elements-a42728afc6299e57b5b17066bf02f212\" id=\"convoca\" style=\"color:#000000;font-family:Montserrat;font-size:18px\"><mark style=\"background-color:rgba(0, 0, 0, 0)\" class=\"has-inline-color has-subtle-background-color\"><strong>III.<\/strong><\/mark> Constituir una estrategia com\u00fan de las delegaciones participantes, con el potencial de promover iniciativas de reforma en las legislaciones laborales, los estatutos sindicales y las regulaciones de las universidades p\u00fablicas para garantizar decisiones institucionales con perspectiva de g\u00e9nero.<\/p>\n\n\n\n<p class=\"has-text-color has-link-color has-montserrat-font-family has-custom-font wp-elements-97598d76eed0ab5c7af8a37182d13a9c\" id=\"convoca\" style=\"color:#000000;font-family:Montserrat;font-size:18px\"><mark style=\"background-color:rgba(0, 0, 0, 0)\" class=\"has-inline-color has-subtle-background-color\"><strong>IV.<\/strong> <\/mark>Erradicar toda violencia por raz\u00f3n de g\u00e9nero en la administraci\u00f3n de las instituciones de educaci\u00f3n superior y sus organizaciones sindicales.<\/p>\n\n\n\n<div class=\"wp-block-cover has-small-font-size mb-0 mt-0\" style=\"min-height:50px;aspect-ratio:unset;\"><span aria-hidden=\"true\" class=\"wp-block-cover__background has-background-dim-100 has-background-dim\" style=\"background-color:#6c3d7d\"><\/span><div class=\"wp-block-cover__inner-container is-layout-constrained wp-block-cover-is-layout-constrained\">\n<p class=\"has-text-align-center has-montserrat-font-family has-custom-font has-custom-letterspacing\" style=\"font-family:Montserrat;letter-spacing:3px;font-size:30px\">Mesas de Trabajo<\/p>\n<\/div><\/div>\n\n\n\n<p class=\"has-text-color has-link-color has-montserrat-font-family has-custom-font wp-elements-6567f21356c17369426a872f93a7700f\" id=\"convoca\" style=\"color:#000000;font-family:Montserrat;font-size:18px\"><strong><mark style=\"background-color:rgba(0, 0, 0, 0)\" class=\"has-inline-color has-subtle-background-color\">Ejes tem\u00e1ticos<\/mark><\/strong><\/p>\n\n\n\n<p class=\"has-text-color has-link-color has-montserrat-font-family has-custom-font wp-elements-b4961d4d732eb6e98ecebc07adef1206\" style=\"color:#000000;font-family:Montserrat;font-size:18px\"><strong><mark style=\"background-color:rgba(0, 0, 0, 0)\" class=\"has-inline-color has-subtle-background-color\">MESA I:<br><\/mark><\/strong>La importancia de las mujeres en el desarrollo de las universidades p\u00fablicas y sus organizaciones sindicales como factor de transformaci\u00f3n social.<\/p>\n\n\n\n<p class=\"has-text-color has-link-color has-montserrat-font-family has-custom-font wp-elements-af8473bcfbde0b5c72669d8f304e1519\" style=\"color:#000000;font-size:18px;font-family:Montserrat\"><strong><mark style=\"background-color:rgba(0, 0, 0, 0)\" class=\"has-inline-color has-subtle-background-color\">MESA II:<br><\/mark><\/strong>Violencia y acoso desde la autoridad y el poder en los \u00e1mbitos laboral y sindical.<\/p>\n\n\n\n<p class=\"has-text-color has-link-color has-montserrat-font-family has-custom-font wp-elements-e9554855ccfda85843f6f7ab8fcd5181\" style=\"color:#000000;font-size:18px;font-family:Montserrat\"><strong><mark style=\"background-color:rgba(0, 0, 0, 0)\" class=\"has-inline-color has-subtle-background-color\">MESA III:<br><\/mark><\/strong>La corresponsabilidad con perspectiva de g\u00e9nero en los entornos familiar y social como mecanismos de promoci\u00f3n de la igualdad de derechos en el mundo del trabajo, la legislaci\u00f3n laboral y la funci\u00f3n p\u00fablica.<\/p>\n\n\n\n<p class=\"has-text-color has-link-color has-montserrat-font-family has-custom-font wp-elements-c37b64878ae940e079d0435d1f40f811\" style=\"color:#000000;font-size:18px;font-family:Montserrat\"><strong><mark style=\"background-color:rgba(0, 0, 0, 0)\" class=\"has-inline-color has-subtle-background-color\">MESA IV:<br><\/mark><\/strong>Reflexiones y propuestas para fortalecer la participaci\u00f3n femenina en la toma de decisiones.<\/p>\n\n\n\n<p class=\"has-text-color has-link-color has-montserrat-font-family has-custom-font wp-elements-b8a67d007abca3fbecf51842c239bbc1\" style=\"color:#000000;font-size:18px;font-family:Montserrat\">Las y los interesados en participar como ponentes en las diversas mesas de trabajo deber\u00e1n llenar el formulario:<\/p>\n\n\n\n<div class=\"wp-block-columns are-vertically-aligned-center has-primary-color has-background-background-color has-text-color has-background has-link-color has-small-font-size wp-elements-b5940ce11a61ae9a9de248e1a82abc2a is-layout-flex wp-container-core-columns-is-layout-9d6595d7 wp-block-columns-is-layout-flex\">\n<div class=\"wp-block-column is-vertically-aligned-center is-layout-flow wp-block-column-is-layout-flow\" style=\"flex-basis:100%\">\n<div class=\"wp-block-buttons is-content-justification-center is-layout-flex wp-container-core-buttons-is-layout-5590e8cb wp-block-buttons-is-layout-flex\">\n<div class=\"wp-block-button has-custom-width wp-block-button__width-75 is-style-shadow has-custom-font\" style=\"font-family:Montserrat\"><a class=\"wp-block-button__link has-primary-color has-text-color has-background has-link-color has-montserrat-font-family has-text-align-center wp-element-button\" href=\"https:\/\/docs.google.com\/forms\/d\/e\/1FAIpQLScBkTpWHfd88P-PZMMFFo5xxYiGCQ3DQKFXZEnyH6hTRPBLmg\/viewform?usp=header\" style=\"border-top-left-radius:0px;border-top-right-radius:0px;border-bottom-left-radius:0px;border-bottom-right-radius:0px;background-color:#db3a8d\" target=\"_blank\" rel=\"noreferrer noopener\">formulario<\/a><\/div>\n<\/div>\n<\/div>\n<\/div>\n\n\n\n<p class=\"has-text-color has-link-color has-montserrat-font-family has-custom-font wp-elements-0ac60038da3ebf9cc07d7d8370590a70\" style=\"color:#000000;font-size:18px;font-family:Montserrat\">La recepci\u00f3n de extensos para las mesas de trabajo tendr\u00e1 como fecha l\u00edmite el <strong><mark style=\"background-color:rgba(0, 0, 0, 0)\" class=\"has-inline-color has-subtle-background-color\">2 de marzo<\/mark><\/strong> del presente. El Comit\u00e9 Evaluador realizar\u00e1 una revisi\u00f3n por pares doble ciego y notificar\u00e1 a los autores de las ponencias y enviar\u00e1 el dictamen de procedencia correspondiente, a m\u00e1s tardar el <strong><mark style=\"background-color:rgba(0, 0, 0, 0)\" class=\"has-inline-color has-subtle-background-color\">4 de marzo<\/mark><\/strong>. Ese dictamen har\u00e1 oficial la participaci\u00f3n en la Mesa de Trabajo referida. Una vez aprobada la propuesta, los ponentes deber\u00e1n enviar el resumen y la presentaci\u00f3n de su trabajo y material de participaci\u00f3n al siguiente correo electr\u00f3nico: <a href=\"mailto:igualdad@aspaaug.org\" target=\"_blank\" rel=\"noreferrer noopener\"><mark style=\"background-color:rgba(0, 0, 0, 0)\" class=\"has-inline-color has-subtle-background-color\">igualdad@aspaaug.org<\/mark><\/a><\/p>\n\n\n\n<p class=\"has-text-color has-link-color has-montserrat-font-family has-custom-font wp-elements-566e2d4216c3b8755482ac175214b677\" style=\"color:#000000;font-size:18px;font-family:Montserrat\">a m\u00e1s tardar el <strong><mark style=\"background-color:rgba(0, 0, 0, 0)\" class=\"has-inline-color has-subtle-background-color\">9 de marzo de 2026<\/mark><\/strong>, de acuerdo con las siguientes especificaciones t\u00e9cnicas:<\/p>\n\n\n\n<p class=\"has-text-color has-link-color has-montserrat-font-family has-custom-font wp-elements-a8a349d184a79d9a7893e56a6157d9a4\" style=\"color:#000000;font-size:18px;font-family:Montserrat\"><strong><mark style=\"background-color:rgba(0, 0, 0, 0)\" class=\"has-inline-color has-subtle-background-color\">a)<\/mark><\/strong> Breve semblanza del o la participante.<br><br><strong><mark style=\"background-color:rgba(0, 0, 0, 0)\" class=\"has-inline-color has-subtle-background-color\">b)<\/mark><\/strong> El resumen del trabajo deber\u00e1 ser de 1 cuartilla de extensi\u00f3n; fuente en formato Arial, tama\u00f1o12, interlineado de 1.5 y justificado. Deber\u00e1 estar en formato PDF.<br><br><strong><mark style=\"background-color:rgba(0, 0, 0, 0)\" class=\"has-inline-color has-subtle-background-color\">c)<\/mark><\/strong> El extenso de 3 cuartillas. Fuente en formato Arial, tama\u00f1o 12, interlineado de 1.5 y justificado. Debe incluir las fuentes bibliogr\u00e1ficas. Deber\u00e1 estar en formato PDF.<br><br><strong><mark style=\"background-color:rgba(0, 0, 0, 0)\" class=\"has-inline-color has-subtle-background-color\">d)<\/mark><\/strong> La primera p\u00e1gina debe contener el t\u00edtulo de la ponencia, nombre del o la ponente, la dependencia de procedencia, el nombre de la mesa de trabajo y la presentaci\u00f3n, si es el caso.<br><br><strong><mark style=\"background-color:rgba(0, 0, 0, 0)\" class=\"has-inline-color has-subtle-background-color\">e)<\/mark><\/strong> Las presentaciones deber\u00e1n enviarse en formato PPT.<\/p>\n\n\n\n<p class=\"has-text-color has-link-color has-montserrat-font-family has-custom-font wp-elements-b112a4c2579a8bb92e3c4cd0afddc3db\" style=\"color:#000000;font-size:18px;font-family:Montserrat\">La informaci\u00f3n de las y los ponentes, se reservar\u00e1 exclusivamente para efectos de log\u00edstica, dise\u00f1o del programa y elaboraci\u00f3n de las constancias de participaci\u00f3n.<\/p>\n\n\n\n<p class=\"has-text-color has-link-color has-montserrat-font-family has-custom-font wp-elements-467dbd914c301fcf1a644689efca267c\" style=\"color:#000000;font-size:18px;font-family:Montserrat\">Los ponentes dispondr\u00e1n de 15 minutos para sus exposiciones y las preguntas y participaciones de p\u00fablico se abrir\u00e1n al terminar las ponencias.<\/p>\n\n\n\n<p class=\"has-text-color has-link-color has-montserrat-font-family has-custom-font wp-elements-a3224724280770138b7e2a51fe5e6e0b\" style=\"color:#000000;font-size:18px;font-family:Montserrat\">En cada mesa de trabajo se asignar\u00e1 una Comisi\u00f3n de Relator\u00eda, que registre los diversos posicionamientos y las resoluciones encaminadas a la elaboraci\u00f3n de las propuestas que se pondr\u00e1n a la consideraci\u00f3n del pleno de asistentes.<\/p>\n\n\n\n<p class=\"has-text-color has-link-color has-montserrat-font-family has-custom-font wp-elements-544744c0be2ee5977a3edf83e72cc4b7\" id=\"convoca\" style=\"color:#000000;font-size:18px;font-family:Montserrat\">Lo no previsto en esta convocatoria ser\u00e1 resuelto por el comit\u00e9 organizador.<\/p>\n","protected":false},"excerpt":{"rendered":"<p>La Asociaci\u00f3n Sindical de Personal Acad\u00e9mico y Administrativo de la Universidad de Guanajuato (ASPAAUG) y el Sindicato de Trabajadores de la Universidad Aut\u00f3noma de Nuevo Le\u00f3n (STUANL), organismos que promueven la reivindicaci\u00f3n de los derechos de la mujer y las pol\u00edticas de igualdad de g\u00e9nero; en colaboraci\u00f3n con la Confederaci\u00f3n Nacional de Trabajadores Universitarios (CONTU) [&hellip;]<\/p>\n","protected":false},"author":1,"featured_media":0,"parent":0,"menu_order":0,"comment_status":"closed","ping_status":"closed","template":"","meta":{"_coblocks_attr":"Helvetica,Heebo,Georgia,Montserrat","_coblocks_dimensions":"","_coblocks_responsive_height":"","_coblocks_accordion_ie_support":"","footnotes":""},"class_list":["post-329","page","type-page","status-publish","hentry"],"_links":{"self":[{"href":"https:\/\/aspaaug2015.com\/MuSiUni\/wp-json\/wp\/v2\/pages\/329","targetHints":{"allow":["GET"]}}],"collection":[{"href":"https:\/\/aspaaug2015.com\/MuSiUni\/wp-json\/wp\/v2\/pages"}],"about":[{"href":"https:\/\/aspaaug2015.com\/MuSiUni\/wp-json\/wp\/v2\/types\/page"}],"author":[{"embeddable":true,"href":"https:\/\/aspaaug2015.com\/MuSiUni\/wp-json\/wp\/v2\/users\/1"}],"replies":[{"embeddable":true,"href":"https:\/\/aspaaug2015.com\/MuSiUni\/wp-json\/wp\/v2\/comments?post=329"}],"version-history":[{"count":49,"href":"https:\/\/aspaaug2015.com\/MuSiUni\/wp-json\/wp\/v2\/pages\/329\/revisions"}],"predecessor-version":[{"id":1076,"href":"https:\/\/aspaaug2015.com\/MuSiUni\/wp-json\/wp\/v2\/pages\/329\/revisions\/1076"}],"wp:attachment":[{"href":"https:\/\/aspaaug2015.com\/MuSiUni\/wp-json\/wp\/v2\/media?parent=329"}],"curies":[{"name":"wp","href":"https:\/\/api.w.org\/{rel}","templated":true}]}}